20 + 0 = -4*d + 4*g, 0 = d - h*g + 10. Let j(l) = -l**2 - 7. Determine j(d).
-7
Let u(h) = -32*h**2 - 2*h + 25. Let n(v) = 26*v**2 + 4*v - 21. Let t(y) = 5*n(y) + 4*u(y). Calculate t(-7).
9
Let d be -1*3*(5 - 4)/1. Let p(i) = 4 + 2*i + 3*i - i**2 - 3*i - i. What is p(d)?
-8
Let g(i) = i**3 - 11*i**2 - 15*i - 28. Let b(l) = -249*l + 510. Let n be b(2). Determine g(n).
-64
Let v(s) = s**2 + 24. Suppose 27 = 2*p - 17. Suppose 13*d - p*d + 18 = 0. Suppose n = -2*q - 4, -6*n + 6 = -d*n - 3*q. Calculate v(n).
24
Let a(g) = -2*g**2 - 1082*g**3 - 12 - 17*g**2 + 1083*g**3. Calculate a(19).
-12
Let j = -15 - -11. Let s(i) = -21*i**3 + 4*i**2 + 2*i + 8. Let n(d) = 38*d**3 - 6*d**2 - 3*d - 15. Let z(u) = -5*n(u) - 9*s(u). Calculate z(j).
-17
Let c(k) = -k**3 - k**2 - 10. Let j be 2*(9/18 + 1/(-1)). Let p be 0/(-1)*(-4)/(8/j). Give c(p).
-10
Let z = 29 - 32. Let y be 7/(-2)*8/(-14). Let r(n) = 52*n - 53*n + y - 1 - 3. Calculate r(z).
1
Let y be ((-9)/12)/((-3)/36). Let l(q) = -4 - 6 + y*q + 9. Suppose 5*m + 5*p + 25 = 0, -p + 47 - 46 = -5*m. Determine l(m).
-10
Let d(y) = -19*y**3 - 2*y**2 + 10*y + 5. Let z(f) = 4*f**3 - f - 1. Let a(r) = d(r) + 4*z(r). Give a(2).
-19
Suppose 19*u - 13 = 12*u + q, -4*u = 2*q - 28. Let j(o) = 10*o**2 - 9*o + 14. Calculate j(u).
77
Let b(c) = 0*c**2 - c**2 + 0*c**2 + 3 - 5*c + 2*c. Let v = 373 + -378. What is b(v)?
-7
Let i = -362 + 348. Let f be i - (-6 + 3/(-3)). Let a(v) be the third derivative of -v**5/60 - v**4/3 - 4*v**3/3 + v**2. Give a(f).
-1
Let n(v) = -2*v**3 - 47*v**2 - 17*v + 6. Let y(i) = -2*i**3 - 42*i**2 - 16*i + 5. Let w(k) = 6*n(k) - 7*y(k). What is w(-5)?
1
Suppose 6 - 46 = -4*z. Let w(c) = 455*c - 7 + 0*c**2 - 214*c - 229*c + 3 - c**2. What is w(z)?
16
Suppose 0 = -p + 2*f - 13, 5*f = -5*p + 133 - 123. Suppose 4*m + j - 10 = 2*j, -m + 10 = -4*j. Let d(v) = 1 + v**m + v - 2*v**2 - 3*v. Give d(p).
-2
Let i(t) be the second derivative of t**4/12 + 10*t**3/3 + 13*t**2 + 3437*t. Give i(-18).
-10
Suppose 4 = 3*a - 5. Let w(h) = -154*h - 16. Let b(q) = 19*q + 2. Let u(i) = 8*b(i) + w(i). Determine u(a).
-6
Let x(m) be the second derivative of 1/6*m**3 + 2*m + 0 + 0*m**2. Let n be 2/((-7)/6 - (-202)/303). Determine x(n).
-4
Let i(t) = 1402*t - 702*t - 697*t - 76 + t**2. Determine i(11).
78
Let r(s) be the third derivative of -s**5/60 + 3*s**4/8 + 133*s**3/6 - 5348*s**2. What is r(17)?
-3
Let d(u) = -u - 38. Suppose -554 = 5*y + j, -116 = -y + 2*y - 5*j. Let x = y - -111. Give d(x).
-38
Let s(f) be the first derivative of 9*f**2 + 187*f + 3558. What is s(-11)?
-11
Let j(f) = -3*f**3 - 3*f**2 - 8*f + 2. Let g = -254 + 258. Let s(d) = -2*d**3 - 3*d**2 - 6*d + 1. Let q(l) = g*s(l) - 3*j(l). Calculate q(2).
-6
Let j(x) = 2*x + 1. Let k = -233 - -240. Suppose -8*z - k*z + 30 = 0. Calculate j(z).
5
Let p(z) = 2*z**2 - 25*z + 15. Let w be p(13). Let u(c) = -10 - 23*c + 75*c - w*c - 20*c. Give u(4).
6
Let k(t) = -t**2 - 17*t + 15. Let s(d) = 574*d - 7480. Let o be s(13). Calculate k(o).
-3
Let t(s) be the third derivative of -s**5/60 - s**4/8 + 2*s**3/3 - 75*s**2 + s + 2. Let n be -6 - (1 + 0 + -4). What is t(n)?
4
Suppose -38*r = -17*r + 8*r + 667. Let t(v) = v**3 + 21*v**2 - 44*v - 10. What is t(r)?
-56
Let f(k) = k**3 + 14 + 6*k**2 + 16 - 9*k - 32. Let i be ((-2)/8 + 2)*-4. Give f(i).
12
Let x(c) = c - 9 - 7 + 4 + 2 + 14. Let s(h) = -h + 10. Let a be s(7). Suppose 0 = -v + 3, a*v - 54 = 5*u - 0*v. Determine x(u).
-5
Let c(m) = m**3 - 17*m**2 - 39*m + 14. Suppose -6*y = -573 + 459. What is c(y)?
-5
Let m(o) be the second derivative of o**7/840 + o**6/360 + o**4/24 - o**3/3 + 135*o**2/2 - 159*o + 1. Let k(f) be the second derivative of m(f). Give k(-2).
-3
Let v(f) = -7*f - 38. Let d be v(2). Let q(z) = -4*z. Let c(j) = 34*j. Let o(i) = d*q(i) - 6*c(i). Determine o(-3).
-12
Let t(d) = -7*d + 7. Let k = 2061 - 2056. Determine t(k).
-28
Let r(j) = -5*j + 50. Suppose -4*k + 3*w = -41, 5*k + 6*w = 4*w + 34. Calculate r(k).
10
Let c(d) = -4*d + 3. Let k be (-9 - -6)/(2/(-2)). Suppose -25*y + 11 = -14*y. Suppose -4*i + 8 = 4*n, 9 - y = k*n + i. What is c(n)?
-9
Suppose 0 = 4*y + 4*z - 108, -5*z - 117 = -0*y - 4*y. Suppose y*s - 5 = 23*s. Let u(h) = -910*h + 4*h**2 + 912*h - h**2 - h**3 - s. Calculate u(3).
5
Let g(a) = a + 1. Let u(h) = 4*h - 23. Let s(j) = -6*g(j) + 2*u(j). Let w(f) = -10050*f**2 + 20112*f - 1. Let o be w(2). Calculate s(o).
-6
Suppose -3*j = -3*n + 42, -5*n + 2*n - 2*j + 67 = 0. Suppose 5 = 6*g - n. Suppose -g*q = -0*q + 44. Let t(z) = z**2 + 12*z + 6. Determine t(q).
-5
Let s(m) be the third derivative of -m**7/2520 + 11*m**6/720 - 21*m**5/10 + 128*m**2. Let a(q) be the third derivative of s(q). Determine a(-8).
27
Let p(d) = 3*d**2 + 249*d - 1043. Let g be p(-87). Let c(b) = 8*b**2 + b - 1. What is c(g)?
8
Suppose -82*m - 171 = -25*m. Let x(a) = -8*a - 17. Determine x(m).
7
Let t(p) = p**2 + 2*p - 31. Let b be t(-7). Suppose -d = -3*d + 62. Let q(s) = -d - 3*s + 4*s + 28. Calculate q(b).
1
Suppose 15 = -2*b + 5*b. Suppose 0 = -3*i - b*z + 4, -2*i = z + 1 - 6. Let v(h) = 2*h**3 - 4*h - i*h - 3*h**3 + 93*h**2 - 3 - 99*h**2. Determine v(-5).
7
Let h(w) = -w**3 - 18*w**2 + 7*w - 233. Let l be h(-19). Let v(n) = -2*n**2 - n + 37. Give v(l).
-8
Let m(g) = 4*g**2 + 84 - 2 - 3*g**2 - 32 + 6*g - 43. Give m(-3).
-2
Let i = 248 - 159. Let y = i + -84. Let r(m) = m + 2. What is r(y)?
7
Let p(b) = -155164 + 8*b + 310327 + b**3 - 155164 + 7*b**2. Calculate p(-6).
-13
Let w(a) be the third derivative of a**5/60 - 23*a**4/24 + 27*a**3/2 - 3*a**2 + 6. Determine w(17).
-21
Let s(x) = 7*x - 11*x + 6*x. Let g(p) = -3*p + 31. Suppose 0 = k + 2*q - 17, 5*k - 5*q - 37 = -3*q. Let t be g(k). What is s(t)?
8
Let u(x) be the first derivative of -x**4/2 + 5*x**3/3 + 21*x**2/2 + 3*x - 46. Let i(o) = o**3 - 3*o**2 - 9*o - 1. Let c(w) = -7*i(w) - 3*u(w). Give c(4).
30
Let q(g) = -g + 0*g + 15 - 2*g**2 - 16 + 3*g**2 - 5*g. Suppose 3*u = 10 - 1. Suppose 3*k = -15, u*z + 2*z + 5*k = 10. Determine q(z).
6
Let n(x) = 2*x**2 + 159*x - 919. Let t be n(-85). Let k(l) = l**2 - 26*l + 165. Calculate k(t).
5
Let q be (15/(-9))/((-34)/(-18) + -2). Let d(f) = f**2 - 13*f - 55. What is d(q)?
-25
Suppose -2*y - o = 8, 3*y + 4*o + 4 = 2*y. Let n be 2*1*(-2)/(-3 - -2). Let c(t) = -150*t**3 - n*t**2 - 6 + 82*t**3 - 5*t + 67*t**3. Calculate c(y).
14
Let s(h) = h**2 + 6*h - 62. Suppose 3*m = -4*g - 50, 1576*g - 1572*g = 4*m - 36. Give s(g).
-7
Let t(f) = -24*f**2 + f + 2. Let z be 32/(9*4/828). Let i = -737 + z. What is t(i)?
-23
Let v(i) be the first derivative of i**4/4 - 17*i**3/3 + 3*i**2/2 - 56*i - 2348. What is v(17)?
-5
Suppose 5*l = -5*j + 65, -2*l = -4*j - 7*l + 50. Let x = -225 + 230. Suppose -5*p = 3*m - x*m + 11, -5*p = j. Let u(f) = -f. Determine u(m).
2
Let y(k) = -k - 2. Let g(n) = -36*n**2 - 43*n**2 - 5 - 18*n + 80*n**2. Let o be g(19). Let b be 3/(-7) - 78/o. Determine y(b).
4
Let k(u) be the second derivative of u**4/24 + u**3 - 11*u**2 + 31*u - 2. Let r(n) be the first derivative of k(n). What is r(-5)?
1
Let m(g) = -3*g. Suppose 0 = 7*p - 16 + 9. Let o(c) = c**2 - 6*c - 20. Let f(u) = p*o(u) + 3*m(u). What is f(16)?
-4
Let f = 18640 - 18634. Let x(b) = -b**3 + 7*b**2 + 2*b + 7. Determine x(f).
55
Let t(y) be the second derivative of -y**5/20 - 7*y**4/12 - y**3/3 - 9*y**2/2 - y. Let m = 205623 + -205630. Determine t(m).
5
Let i(t) be the third derivative of t**7/5040 - t**6/120 - t**5/30 + 11*t**4/8 + t**2 + 17. Let y(p) be the third derivative of i(p). Determine y(3).
-3
Let n(t) = -t**2 + 8*t - 6. Let l(z) be the second derivative of -z**4/12 - 7*z**3/3 + 38*z**2 - 126*z. Let y be l(-18). Calculate n(y).
10
Let w = 576 + -570. Let r be ((-2)/9)/(w/(-108)). Let b(c) = -c**2 + 4*c - 4. What is b(r)?
-4
Let a(b) = 2 - 2 - b + 0 + 4. Let l(o) = 24*o - 1. Let q be l(1). Suppose 0 = -i - 15 + q. Determine a(i).
-4
Let i(u) = 29*u - 114. Let f be i(4). Let x(h) = -f*h**2 - 158*h + 83*h + 69*h - 5. Give x(-5).
-25
Let u(b) be the third derivative of b**5/30 - b**4 - 23*b**3/3 - 3548*b**2. Calculate u(14).
10
Let h(q) = 2*q**2 + 108*q - 117. Let u be h(-55). Let v(t) = t**3 + 5*t**2 - 13*t + 8. What is v(u)?
1
Let d(c) = -6 + 2*c**2 + 704*c - c**2 - 1391*c - 16 + 701*c. Give d(-15).
-7
Let l(c) = 12*c**2 + 27*c**2 - 25*c**2 - 15*c**2 - 6*c